ase 13) in base 5?
311341
What is -1652 (base 15) in base 5?
-123202
375 (base 8) to base 11
210
Convert -66435 (base 8) to base 6.
-333153
What is -603 (base 12) in base 2?
-1101100011
-1215 (base 9) to base 12
-635
327 (base 15) to base 7
2035
Convert -785a (base 11) to base 3.
-112012100
Convert 114013 (base 5) to base 8.
10242
111010101011 (base 2) to base 3
12011002
-4556 (base 7) to base 6
-11402
Convert 17310 (base 9) to base 11.
8a53
Convert 11002210 (base 3) to base 4.
232233
What is -4162 (base 7) in base 15?
-67a
-180 (base 9) to base 5
-1103
-2874 (base 10) to base 16
-b3a
What is 5164 (base 8) in base 12?
1670
3032 (base 10) to base 12
1908
Convert -10121022 (base 3) to base 2.
-101001000011
What is -3020 (base 5) in base 15?
-1aa
What is -1130010 (base 4) in base 15?
-1b2c
Convert 18852 (base 9) to base 13.
5c5a
Convert 27481 (base 9) to base 12.
a93a
Convert 2221 (base 3) to base 12.
67
What is 211121 (base 3) in base 13?
37c
What is -11336 (base 7) in base 9?
-4002
What is 673 (base 8) in base 2?
110111011
48a (base 13) to base 12
55a
-57720 (base 8) to base 7
-131340
12541 (base 6) to base 3
2122121
-17a7 (base 16) to base 15
-1bda
Convert 2442141 (base 5) to base 2.
1011010111010010
Convert 1974 (base 10) to base 5.
30344
-92e7 (base 15) to base 9
-46521
What is 1320331 (base 4) in base 11?
58a8
What is -155 (base 8) in base 9?
-131
Convert -795 (base 14) to base 7.
-4245
4125 (base 7) to base 6
10400
-5bc (base 13) to base 4
-33220
What is 2022 (base 5) in base 4?
10012
-56 (base 14) to base 11
-6a
-22b (base 16) to base 2
-1000101011
Convert -2073 (base 16) to base 3.
-102101200
What is -4413 (base 5) in base 9?
-745
Convert 121122 (base 4) to base 9.
2206
What is -31421 (base 6) in base 12?
-2571
Convert 1010101201 (base 3) to base 14.
810b
What is -101024 (base 6) in base 4?
-1331020
What is -441 (base 6) in base 5?
-1134
What is 923 (base 10) in base 13?
560
-2450 (base 11) to base 12
-1a29
Convert 1111001101 (base 2) to base 4.
33031
Convert 320012 (base 5) to base 15.
323c
Convert 1206 (base 8) to base 10.
646
-485 (base 10) to base 9
-588
Convert 813 (base 15) to base 9.
2440
9a04 (base 15) to base 12
16a71
Convert -66 (base 11) to base 13.
-57
-4053 (base 6) to base 8
-1601
-2012 (base 4) to base 6
-342
-ab4d (base 15) to base 3
-1211210101
-5110 (base 8) to base 12
-1634
-3896 (base 11) to base 16
-13ca
What is 16872 (base 11) in base 16?
5c7a
What is 3b6 (base 13) in base 14?
34c
-211122 (base 5) to base 3
-100122122
-453 (base 7) to base 13
-150
Convert -10001302 (base 4) to base 8.
-40162
-420 (base 11) to base 15
-23b
What is -6330 (base 7) in base 8?
-4262
Convert 1c14 (base 13) to base 2.
1000010010010
What is -258 (base 14) in base 7?
-1241
950 (base 12) to base 15
606
-418 (base 15) to base 6
-4135
What is 1000001001 (base 2) in base 16?
209
What is 10a76 (base 11) in base 6?
201434
What is -11306 (base 7) in base 16?
-b51
Convert -111105 (base 7) to base 13.
-8c01
-21203 (base 4) to base 16
-263
Convert 964 (base 11) to base 7.
3244
Convert -173 (base 16) to base 6.
-1415
Convert 42201 (base 8) to base 5.
1030122
Convert -704 (base 12) to base 5.
-13022
10393 (base 13) to base 2
111001000000100
What is 4a2 (base 11) in base 9?
732
122230 (base 4) to base 16
6ac
1010101101110 (base 2) to base 4
1111232
Convert 1101200121 (base 3) to base 14.
a027
What is 11802 (base 10) in base 6?
130350
5172 (base 16) to base 14
7854
Convert -400013 (base 5) to base 13.
-5902
-72170 (base 8) to base 4
-13101320
-10060 (base 7) to base 8
-4613
Convert -608 (base 11) to base 12.
-512
Convert 92aa (base 11) to base 14.
46d7
What is 2057 (base 15) in base 5?
204312
What is -3807 (base 11) in base 16?
-1368
What is -110001111010001 (base 2) in base 13?
-b828
Convert 414 (base 6) to base 5.
1104
-362 (base 7) to base 9
-232
Convert 1402 (base 5) to base 14.
123
Convert 4111 (base 5) to base 13.
31b
What is -10130 (base 4) in base 7?
-554
Convert 31716 (base 8) to base 11.
9a67
What is -3388 (base 13) in base 9?
-10801
Convert 23043 (base 5) to base 9.
2231
-1303 (base 12) to base 11
-1697
-6668 (base 10) to base 7
-25304
-241141 (base 5) to base 4
-2023121
Convert -312123 (base 4) to base 16.
-d9b
What is 10002 (base 3) in base 9?
102
-21000 (base 10) to base 9
-31723
What is -1c94 (base 15) in base 8?
-14106
Convert 7445 (base 12) to base 15.
3b85
-179 (base 15) to base 5
-2324
-2046 (base 16) to base 7
-33042
Convert 341 (base 8) to base 15.
100
Convert 19b66 (base 14) to base 10.
65358
What is -12122 (base 4) in base 15?
-1c5
-ff (base 16) to base 7
-513
Convert -17ed (base 15) to base 4.
-1100311
Convert -438 (base 14) to base 7.
-2301
-101331 (base 5) to base 8
-6415
Convert -539 (base 10) to base 4.
-20123
What is 2122 (base 4) in base 12?
10a
Convert 10001001100 (base 2) to base 6.
5032
What is -172 (base 15) in base 8?
-514
What is -7160 (base 12) in base 6?
-133000
1413 (base 7) to base 6
2313
What is -17ec (base 15) in base 4?
-1100310
-38b1 (base 13) to base 4
-1332113
What is 11100010010001 (base 2) in base 16?
3891
Convert 1343023 (base 5) to base 4.
12303300
Convert 22002101 (base 3) to base 15.
1b31
-494 (base 12) to base 8
-1260
What is 21121221 (base 3) in base 12?
3274
323 (base 10) to base 12
22b
Convert -2424 (base 5) to base 3.
-111111
Convert 31b0 (base 16) to base 10.
12720
278 (base 12) to base 2
101111100
What is 543 (base 15) in base 5?
14223
21426 (base 8) to base 7
35121
What is 3015 (base 11) in base 14?
1665
Convert -35696 (base 12) to base 2.
-10001100010010010
Convert 5d73 (base 16) to base 8.
56563
Convert -1135 (base 6) to base 14.
-159
What is -1561 (base 8) in base 4?
-31301
-286 (base 13) to base 4
-13000
-1718 (base 13) to base 14
-134d
Convert -6534 (base 11) to base 4.
-2012310
Convert -13243 (base 5) to base 9.
-1422
Convert 505322 (base 6) to base 5.
2240312
Convert -1101001000 (base 2) to base 15.
-3b0
Convert 506 (base 7) to base 9.
308
-406 (base 15) to base 8
-1612
2256 (base 14) to base 16
1744
Convert -9689 (base 11) to base 16.
-3202
What is -2021 (base 6) in base 3?
-121111
Convert -1110100111010110 (base 2) to base 3.
-10001010010
31203 (base 4) to base 15
3cc
What is 1960 (base 12) in base 13?
1542
10001001000000 (base 2) to base 11
6651
-4817 (base 12) to base 15
-25dd
-560 (base 8) to base 14
-1c4
What is -23415 (base 8) in base 5?
-304442
Convert -10230 (base 12) to base 3.
-1001220000
Convert 1342 (base 8) to base 9.
1010
Convert -c79 (base 15) to base 6.
-21010
Convert 302 (base 7) to base 15.
9e
Convert 793 (base 11) to base 4.
32311
-34346 (base 7) to base 5
-240011
Convert 21111022 (base 3) to base 13.
2642
What is -78 (base 15) in base 8?
-161
-461 (base 7) to base 5
-1424
Convert -1830a (base 13) to base 4.
-23120332
What is 404 (base 10) in base 15?
1be
What is -5156 (base 8) in base 7?
-10533
Convert 5401 (base 8) to base 5.
42232
What is -1016c (base 15) in base 4?
-30130020
Convert 1c43 (base 14) to base 6.
35511
What is 14741 (base 9) in base 2?
10011101100001
6634 (base 8) to base 16
d9c
Convert 12000 (base 4) to base 12.
280
What is -6377 (base 10) in base 15?
-1d52
231a (base 13) to base 11
3777
Convert -4cc (base 14) to base 8.
-1704
1211021 (base 3) to base 13
7b4
Convert 21054 (base 6) to base 7.
11200
What is -1344 (base 5) in base 2?
-11100000
Convert -102223 (base 4) to base 7.
-3325
What is -640 (base 8) in base 2?
-110100000
What is -3162 (base 9) in base 5?
-33244
Convert -25664 (base 7) to base 10.
-6857
Convert 625 (base 7) to base 11.
265
Convert -1196 (base 15) to base 11.
-28a1
What is 3e7 (base 15) in base 16?
37c
110001011 (base 2) to base 9
478
What is 30003 (base 5) in base 2?
11101010110
What is -1d6d (base 14) in base 15?
-18e4
What is 879d (base 14) in base 11?
166a0
2266 (base 16) to base 13
4015
-1111010101001 (base 2) to base 16
-1ea9
What is 103213 (base 4) in base 3?
1201111
-1793 (base 13) to base 10
-3500
Convert -3363 (base 8) to base 12.
-1043
What is -1602 (base 7) in base 15?
-2c9
Convert -565 (base 10) to base 7.
-1435
What is -1285a (base 11) in base 15?
-5676
Convert 25b (base 13) to base 14.
218
What is -102111222 (base 3) in base 16?
-20cc
What is 30312 (base 4) in base 5?
11242
-47465 (base 11) to base 13
-251c4
Conver